?
2, 3
List the prime factors of -25*(12/(-66) + 210942/(-330)).
5, 23, 139
Suppose 4*o - 13940 = 16*i - 20*i, 7*i - 24398 = -4*o. What are the prime factors of i?
2, 3, 7, 83
Let m(w) = -2*w**2 - 7*w - 2. Let l be m(-2). Suppose -2054 + 496 = -l*h + 2*v, v = -h + 391. List the prime factors of h.
2, 3, 5, 13
Let f(y) = 4 - 22*y + 19 + 26*y**2 + 29*y - 122 - y**3. What are the prime factors of f(26)?
83
Let g(k) = -142*k + 22. Let u(l) = -285*l + 42. Let s(c) = 7*g(c) - 3*u(c). What are the prime factors of s(-3)?
5, 89
Suppose 330*m + 399546 = 384*m. What are the prime factors of m?
7, 151
Let p = 25097 - 12487. List the prime factors of p.
2, 5, 13, 97
Suppose -24*r + 157850 = 17*r. Suppose 2*c - r = -5*t, 5*c = -t - 2*t + 2291. What are the prime factors of t?
2, 193
Let l be ((-1)/2)/((-2)/(-888)). Let v = -2880 + 3191. Let q = l + v. What are the prime factors of q?
89
Let b = 1543 - -375. Let s = -952 + b. What are the prime factors of s?
2, 3, 7, 23
What are the prime factors of (-13868)/((4/(-10))/(89/445))?
2, 3467
Let z(r) = 7*r + 1. Let l = 22 - 20. Let v be z(l). Suppose 9*o = v*o - 312. List the prime factors of o.
2, 13
Let j = 63 + -4. Suppose 0 = -3*q + j - 20. Let u(m) = 12*m + 43. What are the prime factors of u(q)?
199
Let x be -353 + ((-3)/9*0)/2. Let o = -179 - x. What are the prime factors of o?
2, 3, 29
Let j(a) = a**2 - 7*a + 182. What are the prime factors of j(-34)?
2, 197
Let d = 1600 + 1397. Suppose -3*o + d = g + 851, 3*o = 3*g + 2166. List the prime factors of o.
3, 239
What are the prime factors of ((-6)/8)/((-7271905)/(-427760) + -17)?
2, 5347
Let y(l) be the third derivative of l**6/120 + 3*l**5/20 - 23*l**4/24 - 4*l**3 - 2*l**2 + 102*l. Suppose 3*q + 39 - 9 = 0. What are the prime factors of y(q)?
2, 53
Let f = 36 - 16. Let z be (-1681)/(-5) - ((-56)/(-40))/7. Suppose -f*y = -17*y - z. What are the prime factors of y?
2, 7
Let z = -4298 - -11944. What are the prime factors of z?
2, 3823
Suppose 50*h - 37*h - 143 = 0. Suppose 0 = 2*a + 2*g - 648, -6*g + h*g - 25 = 0. What are the prime factors of a?
11, 29
Suppose -7*r + 189 = -231. Suppose 19*w - 15*w - r = 0. Suppose 0 = 5*p - 40 - w. What are the prime factors of p?
11
Suppose 25*p = 24*p - 3*b + 27, -2*p = b - 39. Suppose -23783 = -p*k + 9229. What are the prime factors of k?
2, 7, 131
Let o(z) = -2*z**3 - 48*z**2 - 72*z + 9. What are the prime factors of o(-33)?
3, 7, 349
Let x(h) = 10 + 26 + h**2 + 7 + 24*h - 1. Let m be x(-22). What are the prime factors of (-443 - -7)/(m/(0 - -1))?
2, 109
Let h(w) = -54*w + 255. Let d be h(-16). Suppose -846 = -3*a + d. What are the prime factors of a?
5, 131
Let g = 44 + 54. Let y = 907 - 721. Let j = y - g. What are the prime factors of j?
2, 11
Let a = 142 - 133. List the prime factors of a/(-15) - 14692/(-20).
2, 367
Suppose -7979 = -2*y + 5*n, 22*n = -y + 21*n + 3972. List the prime factors of y.
41, 97
Let h(z) = 2*z**2 + 23*z + 77. Let t be h(-4). Let d = 39 + t. List the prime factors of d.
2, 7
Let u be (-11)/(-385)*5 - (-121588)/14. Suppose 14*f + 2847 = u. What are the prime factors of f?
3, 139
Let x be ((-147)/2 + -15 + 20)*6. Let d = 524 - x. What are the prime factors of d?
5, 11, 17
Let k(c) = 2*c + 11*c + 177 - 6*c - 2*c. List the prime factors of k(0).
3, 59
Let j be (0 - 10/8)*(-8 + 4). Suppose -2*i + 11 = -j*y + 10*y, -5*y + 3 = i. Let r = i + 46. What are the prime factors of r?
2, 3
Suppose -5*f - 69 = 31. Let m = 60 + f. Suppose 2*j - j + 2*i - m = 0, 4*j + i = 160. What are the prime factors of j?
2, 5
Suppose -5*f = -17442 - 4003. List the prime factors of f.
4289
Let c(l) be the first derivative of l**4/4 + 20*l**3/3 + l**2/2 + 18*l + 85. What are the prime factors of c(-18)?
2, 3
Let c = -227 - -234. Suppose c*v - 4257 = -4*v. List the prime factors of v.
3, 43
Suppose 57*w - 60*w + 717 = 0. What are the prime factors of w?
239
Let p(h) = -164*h + 15. Let g be p(-4). Let i = g - 331. What are the prime factors of i?
2, 5, 17
Suppose -25*q - 10*q = -21595. Let m = q + 745. What are the prime factors of m?
2, 3, 227
Let x(m) = 77*m**3 - 10*m**2 - 116*m + 805. List the prime factors of x(6).
16381
Suppose 778 - 2382 = -4*k. Let s be 14/(-4)*8/(-14). Suppose k = 3*v + h + 66, -s*h = v - 105. List the prime factors of v.
113
Suppose b - 3*a - 19 - 14 = 0, -2*b = -4*a - 60. Let q = -22 + b. Suppose 189 = 2*v + 3*n, -n - 207 = -2*v + q*n. List the prime factors of v.
3, 11
Suppose -3*t - 10 + 19 = 0. Suppose -2*m + t*m = 4*y - 1, 5*y + m + 1 = 0. Suppose 2*p + 2*w - 504 = y, p + 3*w - 244 = -2*w. What are the prime factors of p?
2, 127
Let v(n) = -6*n + 153. Let h be v(20). Suppose -k = -3*k + 290. Suppose s - k + h = 0. What are the prime factors of s?
2, 7
Let p(n) = 27*n**2 + 112*n - 1016. List the prime factors of p(10).
2, 701
Let p = 27467 + -9889. Suppose 0 = -34*k - 0*k + p. List the prime factors of k.
11, 47
Suppose -260*l + 7427925 = 1084183 - 7743058. List the prime factors of l.
2, 3, 5, 7, 43
Let c be 102/27 + (-2)/(-9). Suppose -5*u = -5*d + 15, u + c*d - 19 = 6*u. Let j(a) = 5*a**2 + 9*a + 22. What are the prime factors of j(u)?
2, 3, 17
List the prime factors of (-10 + 4)*4993/(-2).
3, 4993
Let l be (-187)/(-4)*(7 - 11). Let r = l + 425. What are the prime factors of r?
2, 7, 17
Let x = 13253 - 7122. List the prime factors of x.
6131
Let j(p) = -8*p**3 - p**2 - p - 11. Let b be j(-5). Suppose 2*k - b = -h, 6 = h + 1. What are the prime factors of k?
2, 241
Let y = -30 - -34. Suppose 4*p = y*l - 20, -3*l + 18 + 0 = -4*p. Suppose -4*b + 447 = 5*t, -2*b - t + 213 = -l*t. List the prime factors of b.
2, 3
Let f = 85 - -21905. List the prime factors of f.
2, 3, 5, 733
Let b(g) = -8*g**2 - 10*g + 139. Let w be b(-14). Let j = -22 - w. List the prime factors of j.
7, 181
Let q(u) = 13*u**3 + 3*u**2 - 8*u + 18. Let s be 4/22 + (-248)/(-88). List the prime factors of q(s).
2, 3, 31
Let r = -4022 - -7069. List the prime factors of r.
11, 277
Let y = 2006 - -10776. List the prime factors of y.
2, 7, 11, 83
Let t = -436 - -900. Suppose 0 = -48*w + 52*w - t. Suppose 5 = -f + w. What are the prime factors of f?
3, 37
Suppose -2*d - 3*i + 26793 = 0, -2*i = -94*d + 85*d + 120677. List the prime factors of d.
3, 41, 109
Suppose 3*c + 22*o = 24*o + 59490, 5*o = 0. What are the prime factors of c?
2, 3, 5, 661
Let c(d) = -8 + d**2 + 11*d + 13 - 10. Let f be c(-12). What are the prime factors of (157 - (-2 + 0)) + f + -4?
2, 3
Let a(f) = 153*f + 13. Let h be a(-1). Suppose 2*t - 1008 = -2*t. Let y = t + h. What are the prime factors of y?
2, 7
Suppose -3*l + 91 + 128 = 0. Let j = -67 + l. Suppose 0 = -3*z - j, 3*o + z = -z + 209. List the prime factors of o.
71
Let a = 149 + -75. Let j = -143 + a. Let p = 238 + j. What are the prime factors of p?
13
List the prime factors of ((-2931)/(-18))/((-10)/(-100))*3.
5, 977
Let k(n) = -2*n**2 - 29*n + 57. Let w be k(-31). Let d = -451 - w. What are the prime factors of d?
5, 103
Let j be (-750)/(-5) + 2 + -2 + 0. Suppose j = -x + r + 635, 1467 = 3*x + r. List the prime factors of x.
2, 61
Let t = -136 + 142. List the prime factors of (-78)/(-9)*9*t + -4.
2, 29
Let w = 13969 - 3803. What are the prime factors of w?
2, 13, 17, 23
Let k = -2434 + 3493. List the prime factors of k.
3, 353
Let l(f) be the first derivative of -f**3/3 + 2*f**2 + 20. Let g be l(2). Suppose -2*m + 60 = 3*a - 111, m - 93 = -g*a. What are the prime factors of m?
3
Let q(s) = 17 + 7 + 7*s + 8. What are the prime factors of q(3)?
53
Let r(n) = -8 - 11*n + 35 + 13*n. Let w be r(-5). Let k = w - -54. List the prime factors of k.
71
Let a = 478 - 466. What are the prime factors of (-32)/a*(1 + (-4988)/8)?
2, 5, 83
Let q(l) = l**3 + 7*l**2 - 10*l + 3. Let t be q(-11). Let o = -115 - t. Let h = -127 + o. What are the prime factors of h?
3, 43
Suppose 2*v + m = -0*m + 3, 0 = -3*v + 4*m + 10. List the prime factors of (75/v + 0)*20.
2, 3, 5
Let d(t) = -15*t**2 - 2*t**3 + 4*t + 67956 - 67943 + 9*t**2 + 4*t. Suppose -p + 30 = -6*p - 5*b, -p + 4*b = 6. List the prime factors of d(p).
181
Suppose 3*p + 219 = -3*d, 6*p - 2*p = d - 317. Let o = 184 + p. Let c = o + -89. What are the prime factors of c?
17
Let u(r) = 546*r - 3846. List the prime factors of u(36).
2, 3, 5, 17, 31
Suppose 0 = -5*p - 4*